 -127*u**3 + 7*u**2 - 3*u + 23. List the prime factors of j(-4).
5, 331
List the prime factors of ((4434074/(-141))/(-43))/((-1)/(-57)).
2, 19, 1097
Let o(l) = l**3 + 11*l**2 + 5*l + 27. Let z = 168 + -175. List the prime factors of o(z).
2, 47
Let p = -52 + 56. Suppose 3*f + 2*f - 43 = -3*h, 0 = -h + 2*f - p. Suppose 4*m - z = -h*z + 463, -3*z - 259 = -2*m. What are the prime factors of m?
2, 61
What are the prime factors of (-816)/(-1080)*36*2450?
2, 5, 7, 17
Let p(f) = -36*f**3 - f**2 + 13*f + 90. List the prime factors of p(-6).
2, 3, 17, 19
Suppose -63*c + 145340 = -11*c. What are the prime factors of c?
5, 13, 43
Suppose 5*z = -4*p + 10, p - 2*z - 29 = -4*p. Suppose -p*v = 79 - 9. List the prime factors of -1 - v*17/1.
3, 79
Let y = 2195 - 1308. Let j = y - 253. What are the prime factors of j?
2, 317
Let j(s) = 29*s**2 - 11*s - 3. Let d(z) = 87*z**2 - 31*z - 11. Let f(i) = 3*d(i) - 8*j(i). List the prime factors of f(-6).
3, 5, 71
Let j = 264 + 602. Let m = j + 184. What are the prime factors of m?
2, 3, 5, 7
Suppose 5*v - 105 = 35. Let o = 121 - v. Let x = 119 - o. What are the prime factors of x?
2, 13
Let r(i) = -i - 4. Let o be r(-2). Let q(v) = -8*v. Let h be q(o). Suppose -h*j = -18*j + 154. What are the prime factors of j?
7, 11
Let d = -9402 + 14930. List the prime factors of d.
2, 691
Suppose -4*n = -3*g - 25866, n = 4*n - 4*g - 19396. What are the prime factors of n?
2, 3, 7, 11
Let o(v) = v**3 + 7*v**2 - v - 3. Let i be o(-7). Suppose -g = r + 17, i*g - r + 43 = -0*r. List the prime factors of 2*g/8 + 25.
2, 11
Suppose -4*q = -7*q + 5547. Let o = -1062 + q. List the prime factors of o.
787
Let r(d) = -d**2 - 3*d + 19. Let x be r(-14). Let f = x + 238. What are the prime factors of f?
103
Let y(h) = h**2 + 8. Let w be y(5). Suppose -w*a + 1204 = -29*a. Suppose f - 3*l = 150, -f + 3*f - a = 5*l. What are the prime factors of f?
3, 17
Suppose 0 = -2*n + 8 - 36. Let s be 4 + 48/(-28) - (-4)/n. List the prime factors of s/(-4) - (-583)/22.
2, 13
Let x = -3 - -31. Let r = x - 23. Suppose -64 = -r*c + 26. What are the prime factors of c?
2, 3
Let n(o) = -16*o + 1711. List the prime factors of n(0).
29, 59
Suppose -138*i + 142*i = 32. Suppose 2*x + 3982 = 7*x - 4*j, i = 4*j. What are the prime factors of x?
2, 3, 7, 19
Let x be ((-25)/(-10))/((-7)/1134). Let t = x + 674. List the prime factors of t.
269
Let y(i) = -4*i - 15. Suppose -34 = 3*x + 5*k, -3*x + 7 = -7*x + k. Let u(v) = -4*v - 15. Let m(z) = x*u(z) + 2*y(z). List the prime factors of m(10).
5, 11
Suppose 125583 = -113*g + 546056. List the prime factors of g.
61
Suppose 171*t + 76*t - 1724062 - 818062 = 0. What are the prime factors of t?
2, 31, 83
Let y(h) = -5*h + 7. Let j be y(2). Let b(s) = s + 8. Let x be b(j). Suppose 813 = x*d + 83. What are the prime factors of d?
2, 73
Suppose 12*i + j = 9*i + 25627, -25 = 5*j. Suppose 21*d + i = 33*d. What are the prime factors of d?
2, 89
Let w(d) = 4*d - 18. Let h be w(14). Let x = h - 78. Let c = -11 - x. What are the prime factors of c?
29
Let r(n) = -124*n**2 + 47*n - 11. Let q be r(5). Let g = 4070 + q. What are the prime factors of g?
2, 3, 199
Let f be (-80)/(-880) + 1/((-11)/3741). Let g = f + 405. What are the prime factors of g?
5, 13
Suppose -4*q + 17059 = 36*o - 37*o, 3*q + 2*o = 12797. What are the prime factors of q?
5, 853
Let a(u) = 30*u**3 - 4*u**2 + 4*u - 1. Suppose 0 = -3*s + 11*s - 8. List the prime factors of a(s).
29
Let j(n) = 2*n**3 + 15*n**2 - 3*n - 31. Let b be (-11)/66 - ((-123)/(-18) + -1). What are the prime factors of j(b)?
5, 19
Suppose n + 5*n - 174 = 0. Let b = 33 - n. List the prime factors of 160/56*12 + b/(-14).
2, 17
Suppose -4*w = 5*x - 30553, -12*w - 3*x + 22911 = -9*w. List the prime factors of w.
2, 3, 53
Let p be (-316)/(-12) - (-10)/15. Suppose -p = -5*t - v - 8, -2*t + 5*v + 13 = 0. Suppose -t*r + 204 = -r. What are the prime factors of r?
2, 17
Let r(n) be the second derivative of -13*n**3/3 + 58*n**2 + 106*n. What are the prime factors of r(-14)?
2, 3, 5
What are the prime factors of (2670/21 + 3)/((-21)/(-147))?
911
Let c be (-543)/1 - 7/((-70)/(-40)). Let h = c + 1167. What are the prime factors of h?
2, 5, 31
Let d(m) = 9*m**2 - 19*m + 94. List the prime factors of d(31).
2, 3, 151
Let k be (-1)/((-3)/12) + 1*3. Suppose 4*s + k + 5 = 0. List the prime factors of (s + 17)*(3 - -2).
2, 5, 7
Let k(y) = 6*y**3 + 12*y**2 + 7*y - 15. Let a(r) = 6*r**3 + 12*r**2 + 7*r - 17. Let t(g) = -3*a(g) + 4*k(g). List the prime factors of t(4).
5, 7, 17
Let n(t) = 3*t**2 - 70*t - 456. What are the prime factors of n(30)?
2, 3
Suppose 0 = s - 3*s + 5*z + 37, 2*s - 2*z - 28 = 0. Let p = -11 + s. Suppose -5*f - 3*n + 153 = 0, 2*f + p*n = 4*n + 56. What are the prime factors of f?
2, 3, 5
Let h(x) = 181*x**2 - 166*x + 48. What are the prime factors of h(-9)?
3, 11, 491
Let p(v) = -40*v + 140. Let m(f) = f. Let l(j) = 6*m(j) - p(j). List the prime factors of l(19).
2, 367
Suppose 17*n - 352760 = -27*n + 2490476. List the prime factors of n.
19, 179
Let y(g) = -15*g - 28. Suppose -2*d + 9*d + 56 = 0. Let x be y(d). List the prime factors of (-5)/(5*-2)*x.
2, 23
Let w(b) = -b**3 - b**2 + 20*b - 8. Let y be w(-5). List the prime factors of 5 - (-1576)/y*-3.
2, 149
What are the prime factors of ((-1225)/20)/7*1*-20?
5, 7
Let a(z) = -9*z**3 - 5*z**2 - 6*z. Let i be a(-2). Let f(c) = -52*c**3 + 4*c - 5. Let m be f(1). Let y = i + m. What are the prime factors of y?
11
Let l(o) = -o**3 - 13*o**2 - 25*o - 335. List the prime factors of l(-25).
2, 5, 19, 41
Let x = 81 - 112. Let n = x - -42. Let z = n - 0. What are the prime factors of z?
11
Let i(h) = h**2 + 31*h + 30. Let j be i(-30). Suppose 5*k - 5 = j, -2*a + 454 = 3*k + 7. List the prime factors of a.
2, 3, 37
Let a = 26549 + -25576. What are the prime factors of a?
7, 139
Suppose 0 = 3*b - 14*b - 2*b. Suppose b = 8*p - 173 - 2347. List the prime factors of p.
3, 5, 7
Let q be -3 - 13/(-3) - (-2)/3. Let z be ((16/(-24))/(q/15))/(-1). Suppose -4*k - 5*f + 395 = -2*f, -4*k + z*f + 387 = 0. List the prime factors of k.
2, 7
Let l = 65 - 30. Let f(p) = -32*p - 214. Let g be f(-9). Let o = g + l. What are the prime factors of o?
109
Suppose 49*i - 20 = 50*i. Let o = i - -280. What are the prime factors of o?
2, 5, 13
Let z(f) = 88*f - 272. What are the prime factors of z(42)?
2, 107
Suppose 29*s - 99*s = 51*s - 946341. List the prime factors of s.
3, 11, 79
Let h(j) = -j**3 - 4*j**2 - j + 250. Suppose 3*o + 6 = -5*r, 6*r = 4*r - 2*o - 4. What are the prime factors of h(r)?
2, 5
Let r = 3411 - 462. Suppose -37*l + 40*l - r = 0. List the prime factors of l.
983
Let t be ((-440)/(-33) - 16)/(4/(-66)). Let x be ((-14)/(-4))/((-2)/(-8)). List the prime factors of (-9)/(3 - t/x).
3, 7
Suppose -2*g - g + 375 = 3*a, -3*a = 2*g - 246. Let i = -318 + g. Let b = i + 327. List the prime factors of b.
2, 3, 23
What are the prime factors of (-18)/42 + (-4779905)/(-91)?
2, 26263
Let q(j) = -16*j**2 + 160*j - 79. Let t = 84 + -95. Let d(s) = 3*s**2 - 32*s + 16. Let m(o) = t*d(o) - 2*q(o). What are the prime factors of m(21)?
3, 71
Let n = 977 - 979. Let d(s) = -496*s + 32. What are the prime factors of d(n)?
2
Let l = -20824 - -35159. List the prime factors of l.
5, 47, 61
Suppose -9 = -8*f + 39. Suppose -4*h - 34 + 12 = 5*o, f = -3*o. What are the prime factors of ((-246)/(-9) - 0)/((-1)/h)?
2, 41
Let y(r) = 106*r + 8944. What are the prime factors of y(11)?
2, 3, 5, 337
Suppose -22*o + 6*o + 3744 = 0. Suppose -231*u = -o*u + 3615. List the prime factors of u.
5, 241
Suppose 3*n - 139 = 5. Suppose -3*v - p + 2*p - 26 = 0, 4*p - n = 4*v. Let r(l) = -l**3 - l**2 + 7*l - 12. What are the prime factors of r(v)?
233
Suppose -5*x + 30 = 4*y, 4*x + y - 18 = -5. Suppose 5*o - x*o - 2217 = 0. What are the prime factors of o?
739
Let z(i) = 4*i**2 - 243*i + 1975. What are the prime factors of z(119)?
2, 14851
Suppose 4*a + 3*m = 45551, 15415 = a + 2*m + 4036. List the prime factors of a.
11393
Let b be 6/5*-9*(-360)/27. Suppose 3*o = 2*l + 88, -o - 4*o + b = -4*l. What are the prime factors of o?
2
Suppose -5*h = 14*h - 17024. List the prime factors of (-9)/(-2*(-2228)/h + -5).
2, 3, 7
List the prime factors of 23835 - (-12 - (17 - 30)).
2, 17, 701
Let f(r) = 1352*r**2 - 232*r + 24